14*o. Let f(x) = -6*x**3 - 13*x**2 - 12*x - 2. Let l(b) = 6*f(b) + 5*k(b). Calculate l(-8).
4
Suppose 58*n - 62*n - 24 = 0. Let g(w) = -w**2 - 4*w + 1. Determine g(n).
-11
Let w(u) = 14*u - 5. Let y(j) = -40*j + 14. Let m(c) = 17*w(c) + 6*y(c). What is m(-7)?
13
Suppose 0 = -0*m + 3*m. Suppose m*x + 4 = x. Let i(f) = -6 + 5 - f**2 - 2*f**2 + x*f**2. Calculate i(1).
0
Let x(n) be the first derivative of n**2 - 7*n + 1. Let a = 491 + -486. Calculate x(a).
3
Let j = -1 - -1. Let a(w) = -5*w**2 + w + 60. Let s(l) = -12*l**2 + 2*l + 136. Let i(z) = 7*a(z) - 3*s(z). Calculate i(j).
12
Let a(k) = -k + 2. Let q(y) = 8*y - 1. Let p be q(7). Let h = p - 59. Calculate a(h).
6
Let i(t) = -t - 1. Let k = -1 - 0. Let r be 6 + -34 + (-1)/k. Let s be r/(-6) - 3/6. What is i(s)?
-5
Let n(w) = -5*w**2 - 12*w - 4. Let y be n(-2). Let d(l) = -l**3 + l**2 - 25. What is d(y)?
-25
Let h(p) = -p + 4. Let l be (2/6 + 275/75)/(-2). What is h(l)?
6
Let y = -325 - -325. Let d(f) = f - 8. What is d(y)?
-8
Let k(u) be the first derivative of -13 + u**2 - 6*u - 2*u**3 + 4*u + 3*u - 1. Give k(-1).
-7
Suppose 63*b + 10 = -494. Let x(h) = -h**3 - 8*h**2 - 6*h - 11. What is x(b)?
37
Let k(b) = 362*b**2 + 4*b - 9 - 365*b**2 + b + b**3. Give k(3).
6
Let f(a) = -13*a**2 + 48*a - 3. Let x(h) = -7*h**2 + 26*h - 2. Let n(q) = 6*f(q) - 11*x(q). Determine n(7).
-31
Suppose 0 = -4*z + 3*z + 5*p - 4, -20 = -5*z + 5*p. Suppose -3*o + 6 = -z. Let c(l) = l**3 + 0*l**2 + 9*l + 2 + 3*l**2 - o*l. Calculate c(-3).
-13
Let y(n) = -2*n - 33. Suppose 17 = -2*p + 4*q - 27, 4*q = p + 30. What is y(p)?
-5
Suppose -2*h + 4 = -0*h. Let z(i) = 21*i + 16. Let p(w) = 22*w - 1 - 15*w + 8 - 1. Let o(q) = 11*p(q) - 4*z(q). Give o(h).
-12
Let o(j) = j**2 - 3*j + 4. Let m = -1079 - -1084. Give o(m).
14
Let l(s) = 2*s**3 - 4*s**2 + 3*s - 2. Let b be (-21)/3*(3 - (-23)/(-7)). What is l(b)?
4
Let d(f) = -f**2 - 7*f + 2. Let p be -6 + (1/(-3))/((-12)/(-36)). Give d(p).
2
Let t(b) = 1 - 2*b**2 + b**2 + b**2 - 10*b + b**3 + 5 - 9*b**2. Determine t(10).
6
Let a(y) = 2*y**2 - 3*y. Let f(o) = 14*o**2 + 43*o + 6. Let m be f(-3). Determine a(m).
9
Let v(r) = -r**2 + 5. Suppose 10*g + 42 = 8*g. Let w be 3/(-2)*(-56)/g. Determine v(w).
-11
Let n = 1683 + -1659. Let w(x) = 2*x**2 - 49*x + 27. What is w(n)?
3
Let f = 90 - 95. Let y(c) = -c - 1. What is y(f)?
4
Let c(d) = -7*d - 2. Let p(g) = -43*g + 18. Let k(x) = -6*c(x) + p(x). Give k(14).
16
Suppose 2*y - 51 = -11. Suppose 4*o - 9*o = -y. Suppose -3*v - 3*g + 6 = 0, -2*v + 2*g = -3*g - o. Let i(r) = 2*r**2 + 1. What is i(v)?
9
Let y(f) be the third derivative of -f**6/120 + f**5/30 - f**4/12 - f**3/6 - f**2. Suppose 0 = -2*t + 4*t + 4. Give y(t).
19
Let l(o) = -5*o - 5. Let c(r) be the first derivative of -r**2/2 - 15. Let a(v) = -6*c(v) + l(v). Calculate a(4).
-1
Let y(w) = 2 - 3*w + w**2 + 4 - 3. Suppose -61 = -6*r + 23. Suppose -i = -5*u + r, 3*i + 5 = -4*u + 1. What is y(u)?
1
Let z(x) = x**3 + 9*x. Let o(w) = 8*w**2 - w. Let f(q) = -o(q) - z(q). Let l(v) = -8*v**2 + 2*v - 1. Let k be l(1). Determine f(k).
7
Let j = 113 + -110. Let i be (63/28)/(84/(-32) + j). Let k(q) = -q. Let s(h) = -2*h + 1. Let u(x) = k(x) - s(x). Give u(i).
5
Let v(s) = 2*s**3 - 16*s**2 + 14*s + 6. Let b(n) = 4*n**3 - 15*n**2 - 5*n + 11. Let q be b(4). Give v(q).
6
Suppose 0 = -2*g + 3*t + 13, 5*t = -8 - 7. Let p(u) be the first derivative of 2 + 0*u - 1/2*u**g + 19/3*u**3. Determine p(1).
18
Let a(m) = m**3 + 12*m**2 - 12*m + 3. Let v be a(-13). Let r(z) = -z**3 - 9*z**2 + 10*z + 3. Determine r(v).
3
Let b(l) be the second derivative of -3*l**5/20 + l**4/6 - l**3/2 + l**2 + 2*l - 71. Calculate b(2).
-20
Suppose 3*f - 80 = -2*u, -5*f - 2*u + 132 = -0*u. Let i = 26 - f. Let x(k) = 3*k + 0*k**2 + 4*k**2 + 3 - 2*k - 5*k**2. Calculate x(i).
3
Suppose -5*g + 4*z = -12 + 2, -3*z + 15 = 0. Let x(u) = -u**2 + 6*u - 9. Calculate x(g).
-9
Let h(q) = -q**2 - 3*q. Let a(w) = -2*w - 4. Suppose 2*f - 7*f = 20. Let u be a(f). Let i be (-11)/u - 33/(-44). Give h(i).
2
Let h(b) = 7*b**2 - b + 1. Suppose m = 12 - 2. Suppose 5 = -5*z - 0*y + y, m = 2*z + 2*y. Suppose z = -6*t + 1 + 5. Determine h(t).
7
Let g(r) be the first derivative of -1/3*r**3 + 1 + 5*r**2 + 3*r. Calculate g(11).
-8
Let u be (34/(-51))/((-2)/(-3)). Suppose 4*a = 3*a + 2*q - 4, -3*q + 12 = 0. Let f(t) = a*t + t + t. What is f(u)?
-6
Let c be 18/15*40/16. Let m(n) = -n**2 + c - 8*n - 4 + 2*n**2. What is m(8)?
-1
Let i = 0 + 13. Let g = i - 16. Let l be 225/27 - (-1)/g. Let r(z) = -z + 10. Determine r(l).
2
Let i(o) = o + 8 - 6*o**2 + o**3 - o - 3*o. Let x = -35 - -38. Suppose -d + 15 = 2*b, -x*b + 4*b - 5*d = -9. Calculate i(b).
-10
Suppose 0 = c + 3*c, 4*h + 2*c = 16. Let g be -1 - ((-3 - -2) + -2). Let r(q) = -g*q**2 + q**2 - 6 + 2*q + 5*q**2 - q**3. Calculate r(h).
2
Let f(o) be the first derivative of -o**3/3 + 9*o**2/2 - 5*o - 806. What is f(9)?
-5
Let z(d) = -7*d**3 - 5*d + 19. Let l(y) = 20*y**3 - y**2 + 15*y - 55. Let o(w) = -6*l(w) - 17*z(w). What is o(6)?
-23
Let h(p) = -15 + 390*p**2 + 15 - p - 404*p**2. What is h(1)?
-15
Let y = -82 - -80. Let b(q) = -3*q**2 - 4*q - 2. Calculate b(y).
-6
Suppose 3*h - 41 = 19. Suppose -2*t + 15 = -4*f + 5, -4*t + h = 0. Let z(i) = -i**3 + i**2 - i + 18. Determine z(f).
18
Let c(m) = m - 1. Let b(q) = q + 7. Let n be b(-8). Let l(j) = -j - 2. Let f be l(n). Let o(g) = g**2 + g - 8. Let a(x) = f*o(x) + 5*c(x). Determine a(4).
3
Let y(v) = v**3 + 7*v**2 + 2*v - 2. Let p be y(0). Let q(o) = 7*o**3 + 2*o**2 + 3*o + 1. What is q(p)?
-53
Let i be 2 - (14/(-10))/((-4)/20). Let c(t) = 13*t + 5. Let n(m) = 32*m + 12. Let o(p) = -12*c(p) + 5*n(p). Give o(i).
-20
Let k(b) = -6*b - 8. Suppose 7 = -4*r - 21. Determine k(r).
34
Let y be (101/505)/(1/5). Let v(d) = -9*d**3 - d + 1. What is v(y)?
-9
Suppose -4*t = 3*v + 18, 2*v - 4*t = -6*t - 12. Let z(j) be the second derivative of 5/2*j**2 - 2/3*j**3 + 0 + 6*j - 1/12*j**4. Determine z(v).
-7
Let r(y) = 96*y**3 - 95*y**3 + 7 - 2*y - 4*y + 3*y**2. Determine r(-5).
-13
Let w(x) = -x**2 + 4*x - 2. Suppose 2*v + 0*v + 68 = 0. Let p = 40 + v. Determine w(p).
-14
Let k = 137 - 140. Let y(h) = h + 6. Give y(k).
3
Let o(m) = -1598 + 4*m**2 + 1598 - 4*m**3 + 4*m + 5*m**3. Let k(d) = -d**2 - 5*d + 3. Let g be k(-6). Determine o(g).
-3
Let h(w) = -9*w + 319. Let q be h(36). Let p(a) = 5*a - 1. Let s(i) = -11*i + 1. Let g(n) = -13*p(n) - 6*s(n). Calculate g(q).
2
Suppose j = -4*x - 18, 0 = x - 4*x - 4*j - 20. Let s be (-15)/(-10)*60/9. Let a(p) = 6*p + 4 - 2 + 11*p**2 - s*p**2. What is a(x)?
-6
Let s(z) = z**2 + 7*z - 6. Let o = 245 + -251. Determine s(o).
-12
Let k(g) = -g**2 + 10*g + 45. Let b be k(12). Suppose 0 = -3*y + 3*r - 0*r - b, 0 = y - 4*r + 22. Let p(w) = -2 + 2 - 3*w - 1. Determine p(y).
5
Suppose 5*m - 8 = m. Let v(i) = 4*i**m + 3*i - 4*i**2 - 5*i**2 - i + 1. Calculate v(2).
-15
Let j(n) be the third derivative of n**4/12 + n**3/6 + 3*n**2. Let p be j(4). Let z = p + -15. Let r(m) = m**2 + 6*m - 7. What is r(z)?
-7
Let f(m) be the third derivative of -m**4/24 - 2*m**2. Let h = -1798 - -1800. Calculate f(h).
-2
Let j(m) = 4*m**2 + m - 2. Let l be j(-3). Let x(q) = 3*q**2 + 2*q + 62 - l - 29 + q**3. What is x(-2)?
2
Let n(x) be the third derivative of -x**4/24 - 5*x**3/3 + 2*x**2 + 83*x. Give n(-15).
5
Let o(g) be the first derivative of 16 - 3/2*g**2 + g. What is o(-1)?
4
Let n(a) be the first derivative of -a**4/4 + 5*a**3/3 - a**2 + 5*a - 2. Let u = -40 + 45. Let w be n(u). Let f(j) = -j**3 - 5*j**2 - 2*j - 3. Calculate f(w).
7
Let t(k) be the second derivative of -11*k - 3/2*k**2 + 0 + 1/6*k**3. Determine t(6).
3
Suppose -3*y - 25 = 2*y, -5*y - 40 = d. Let p = 21 + d. Let t(u) = 1 - 3*u - p + 1 + u. What is t(-5)?
6
Let z(y) be the first derivative of y**3/3 + 7*y**2 - y + 446. What is z(-14)?
-1
Suppose 0*c - 6 = c. Let h(n) = -n**3 + 3*n**2 + 2*n - 4. Let f be h(3). Let d(p) = p**3 + 6*p + 7 + 21*p**f - 3*p**3 + 3*p**3 - 14*p**2. Give d(c).
7
Let k(y) be the second derivative of -y**5/20 - 7*y**4/12 - 3*y**3/2 + 3*y**2/2 + y + 28. Calculate k(-5).
-2
Let f = -10 + -1. Let o(k) = -k - 11. Let b be o(f). Let g(p) = b*p**3 - 6*p**2 + p**3 - 2 + 19*p - 14*p. Calculate g(3).
-14
Let s(n) = -9*n**2 - 9*n + 1. Let g(c) = -5*c**2 - 6*c. Let t(d) = 7*g(d) - 4*s(d)